 factors of h.
7, 3329
Let u(z) = -7*z + 4. Let y be u(-2). Let s(r) be the first derivative of r**4/4 - 17*r**3/3 - 9*r**2/2 - 15*r - 12. What are the prime factors of s(y)?
3, 7
Let a = 103629 - 41815. What are the prime factors of a?
2, 31, 997
Suppose 3*i + 4*v - 22201 = 0, 14*i - v = 12*i + 14819. What are the prime factors of i?
3, 823
Let l = 22419 + 41952. What are the prime factors of l?
3, 43, 499
Let o = 61979 - -5657. List the prime factors of o.
2, 37, 457
Let k = 0 + 299. What are the prime factors of k?
13, 23
Let h(z) = -145*z - 606. What are the prime factors of h(-6)?
2, 3, 11
Suppose -5*r = -z + 3068, -19*z + 14*z - 624 = r. Let u = r - -785. List the prime factors of u.
3, 19
Let v(s) = s + 10. Let r be v(0). Suppose -r*n + 5*n + 1570 = 0. Suppose 3*f + 4*m - n = f, 5*f - 2*m - 749 = 0. What are the prime factors of f?
151
Let n(c) = 3*c**3 + 3*c**2 - 3*c - 4. Let g be n(-4). Let m = g - -470. What are the prime factors of m?
2, 167
Suppose 29*m = 33*m + 5*t - 540, 4*m - 4*t - 504 = 0. List the prime factors of (-9 + m/15)/((-2)/612).
2, 3, 17
Let p be (1 + -2)/(14 + -15). List the prime factors of (-18)/(-27)*1338*p.
2, 223
Suppose -8*x + 7019 = 2620 - 45569. List the prime factors of x.
2, 3, 347
List the prime factors of -1*(-22609 + 7)/6.
3767
Suppose -3415 = 4*l - 14251. Suppose 22*r - r = l. List the prime factors of r.
3, 43
Let l be 3 - -125 - 4 - -5. Let s = -120 + l. Suppose -5*o = -s*o + 916. List the prime factors of o.
229
Suppose 49*s - 37*s - 108 = 0. Let y = s + 436. What are the prime factors of y?
5, 89
What are the prime factors of ((1474/(-44))/(-1))/(((-5)/834)/(-5))?
3, 67, 139
Suppose 4*k + 8 - 24 = 0. Suppose 3*h = -5*y + 377, h - 2*y - 587 = -k*h. Let a = -102 + h. What are the prime factors of a?
17
Let n(l) = -l**3 + 79*l**2 - 51*l - 253. What are the prime factors of n(67)?
2, 19, 1321
Let q(p) = p**3 - 9*p**2 - 13*p - 27. Let r be q(12). Suppose 691 + r = 3*l - 4*a, 8 = 4*a. What are the prime factors of l?
2, 79
Let k = 248 - 238. Suppose 3*h + 1506 = 3*l, 11*l = k*l - h + 506. List the prime factors of l.
2, 3, 7
Suppose 0*z = -4*d - 2*z + 34, 0 = -3*z + 3. Suppose -1929 - 1519 = -d*m. List the prime factors of m.
431
Let v(r) = 9*r**3 + 3*r**2 + 3*r + 1. Let x be v(2). Let h = x + -74. List the prime factors of 1 - (h + -4)*-13.
2, 5, 17
Let o = -70 - -190. Suppose -z - 5*v = 3*z - 555, z = 5*v + o. Suppose 2*l = 51 + z. List the prime factors of l.
3, 31
Let n(r) = 6*r**2 - 11 - 4*r**2 + 10*r**2 + r**3 + 10*r + 0*r**2. Let t be n(-11). Suppose 39*l - 34*l - 570 = t. List the prime factors of l.
2, 3, 19
Suppose -2*y - 2*y = -20. Suppose -b + 2*b + 18 = -4*n, -19 = 3*b + y*n. What are the prime factors of (-182)/21*((-10)/2 + b)?
2, 13
Suppose -15*a + 20*a = 980. Let m be (12/(-14))/(7/a). Let g = m + 144. List the prime factors of g.
2, 3, 5
Suppose 480*u - 500*u = -174920. What are the prime factors of u?
2, 4373
Suppose 2*r - 24880 = -15*z + 13*z, -r = -2*z - 12422. What are the prime factors of r?
2, 6217
Let b = 52910 + -37886. List the prime factors of b.
2, 3, 313
Let r(o) = -2*o**3 - 9*o**2 + 14*o - 29. What are the prime factors of r(-11)?
2, 5, 139
Let r = -46 - -55. Let c be 20838/18 + 3/r. Suppose -390 + c = 12*i. What are the prime factors of i?
2
Let i(x) = 24*x**2 - 2*x. Suppose 10*d - 30 = 20. Let l be (-1 + (-3)/2)*4/d. List the prime factors of i(l).
2, 5
Let m = 22849 - 12230. What are the prime factors of m?
7, 37, 41
Let s(b) = b**3 - 4*b**2 + b - 28. Let i be s(5). Suppose -i*r + 6296 = 6*r. What are the prime factors of r?
787
Suppose -62181 = 17*v + 10*v. Let z = v - -3268. List the prime factors of z.
5, 193
Let p(i) = -18722*i + 809. What are the prime factors of p(-1)?
19531
Let n(q) = -59*q**3 - 6*q**2 - 16*q - 2. List the prime factors of n(-5).
67, 109
Let h = 218 + -254. What are the prime factors of (-6)/h*-3*-676?
2, 13
List the prime factors of 4935 + (-44)/(-11) + (4 - 1).
2, 7, 353
Suppose 4*m - 60 = -4*k, -m - 2*k + 9 + 8 = 0. Let q(h) be the first derivative of h**4/4 - 4*h**3 - h**2/2 - 2*h + 58. List the prime factors of q(m).
2, 7, 11
Suppose 170323 + 142379 = 57*w. List the prime factors of w.
2, 13, 211
Let r be 5 + (-49)/28*4. List the prime factors of ((r - -5)*3608/(-33))/(-1).
2, 41
Let n(d) = d**3 + 8*d**2 + 5*d - 11. Let b be n(-7). Let i be ((-1)/b)/(8/24)*-6. What are the prime factors of (-10 + i)*-9*3?
2, 3
Let w be 12*(457/3 - 1) + 2. Suppose 0*m + w = 3*m. List the prime factors of m.
2, 3, 101
Suppose 0 = -4*k - 10*i + 14*i + 32, 0 = -4*k + i + 17. Let d(n) = 22*n**2 + 13*n. What are the prime factors of d(k)?
3, 79
What are the prime factors of 352160/10 - -21 - -13?
2, 3, 5, 47
Let g = 237 + -413. Let a = 706 - g. What are the prime factors of a?
2, 3, 7
Let a(g) = 275*g**3 + 2*g**2 + 7*g + 84. List the prime factors of a(6).
2, 3, 7, 11, 43
Suppose 0 = -2*w + 6*w + 4*n - 244, 2*n = w - 52. List the prime factors of (w/174)/((-1)/(-1509)).
503
Suppose -8*k + 7500 + 79116 = 0. What are the prime factors of k?
3, 401
Let x = 111 - 98. Suppose 15*j = x*j - 14. What are the prime factors of j/(21/2)*-342?
2, 3, 19
Let h(g) = 664*g - 1615. What are the prime factors of h(21)?
12329
What are the prime factors of (-4742)/((-92)/(-138) - (-160)/(-222))?
37, 2371
Let t = -1549 - -3978. Let u = t + -710. What are the prime factors of u?
3, 191
Let q be 2*(-3)/(-12) + (-86310)/28. What are the prime factors of q/(-8) - (-10)/(-40)?
5, 7, 11
Suppose 5*g - 5*v = 45, 5*g + v = 13 + 44. Let d = -8 + g. Suppose d*y + 760 = 8*y. List the prime factors of y.
2, 19
Suppose 8 = 39*o - 35*o. Suppose t + z = 6*z + 12, -t - o = 2*z. Suppose t*p - 49 = -2*v - 13, -p + 18 = -3*v. What are the prime factors of p?
2, 3
Let q be (4961/132 - (-1)/(-4))*3. Let l = q + -59. Suppose -2*k + l = -49. What are the prime factors of k?
3, 17
Let s be 42015/(-6)*72/60. List the prime factors of (-9)/45 + s/(-15) + -1.
13, 43
Let d = 55 + -48. Suppose 2*k - 420 = d*k. List the prime factors of 12/((k/(-88))/7).
2, 11
Let y(x) = x**3 - 7*x**2 - 7*x + 3. Suppose 0 = -5*d + 31 + 19. Suppose -f - 1 = -d. What are the prime factors of y(f)?
2, 3, 17
Suppose 19*q - 8*q = -66. Let m be 1799/42 - (7/q)/7. Let o = m - -44. What are the prime factors of o?
3, 29
Suppose -3*m + 5*m = 3*x + 1, m - 6 = -4*x. Suppose -5*o + 219 = 4*l, 0 = -l + 3*l - m*o - 96. What are the prime factors of l?
3, 17
Suppose t + 3278 + 117900 = 5*p, -5*p + 121171 = -2*t. What are the prime factors of p?
3, 2693
Let m(c) = -27 + 3*c + 9*c**3 + 20*c - 37*c**2 - 8*c**3 + 21*c. What are the prime factors of m(36)?
3, 29
Let k be (-3 - (-678)/9)/(2/12). Suppose 4*u - 8 = -0, 5*u + k = 2*g. List the prime factors of g.
2, 3, 37
Let h(w) = -60*w + 455. Let t(f) = -31*f + 227. Let a(l) = 4*h(l) - 9*t(l). List the prime factors of a(39).
2, 11, 59
List the prime factors of 230*(-351)/(-6) + ((-36)/4 - -5).
13451
Let t = -171 + 174. What are the prime factors of 2 + t - (-288 + 7 + -4)?
2, 5, 29
Let j be 56/28*18/4. Suppose 0 = j*a - 3*a - 114. What are the prime factors of a?
19
Let l(o) = 5*o**2 + 55*o + 4. Let k be l(-11). Suppose 2*w - 3*f - 335 = -2*f, -k*w = -5*f - 655. What are the prime factors of w?
2, 5, 17
Let h = -25316 + 39204. What are the prime factors of h?
2, 7, 31
Let l be 126/(-28)*(-524)/2. Let a = l + -486. Suppose -5*u - 5*q = -u - a, -15 = -3*q. List the prime factors of u.
167
Let c(p) be the third derivative of 10*p**2 + 0 + 0*p + 0*p**4 - 1/30*p**5 + 17/24*p**6 + 1/6*p**3. What are the prime factors of c(1)?
2, 3, 7
Suppose 5*r = w - 158, 3*r - 5*w - 62 + 170 = 0. Let l = -29 - r. Suppose 0 = -4*s + i + 229, l*s + 3*i = 72 + 25. What are the prime factors of s?
2, 7
What are the prime factors of (-10 - -13)/(30700/10232 - 3)?
2, 3, 1279
Let x(h) = -h**3 - 6*h**2 - 3*h. Let p be 16/(-3) - (-14)/(-21). Let i be x(p). Suppose n - 47 = i. What are the prime factors of n?
5, 13
Suppose 23*f - 16*f = 28. Suppose n = 5*b - 203 - 25, 2*n = f*b - 186. What are the prime factors of b?
3, 5
Suppose 0 = -2*w + 4*x + 41778, 0 = 89*w - 95*w + 5*x + 125285. What are the prime factors of w?
5, 167
Suppose -5*a - 3*w = -52476 - 270657, a - 64647 = -4*w. What are the prime factors of a?
3, 13, 1657
Let o